False
Is 50741 a prime number?
True
Is 11131 a prime number?
True
Is 253633 a prime number?
True
Is 22327 composite?
True
Is 36289 prime?
False
Is 8414347 a prime number?
True
Is 2923 composite?
True
Is 1581854 a composite number?
True
Is 26067 prime?
False
Is 226307 composite?
False
Is 562303 a composite number?
True
Is 80499 a prime number?
False
Is 13997 prime?
True
Is 35051 a prime number?
True
Is 24263 prime?
False
Is 4561 a prime number?
True
Is 1756687 prime?
True
Is 976799 prime?
True
Is 2798 a prime number?
False
Is 13217 composite?
False
Is 126989 prime?
True
Is 33377 a composite number?
False
Is 76207 a prime number?
True
Is 10811 prime?
False
Is 4711 composite?
True
Is 481501 a composite number?
False
Is 710159 a composite number?
True
Is 63417 a composite number?
True
Is 336763 composite?
True
Is 53099 composite?
True
Is 223871 composite?
True
Is 7217 prime?
False
Is 325613 a composite number?
True
Is 443221 composite?
False
Is 198997 a composite number?
False
Is 5221 a composite number?
True
Is 10495 composite?
True
Is 2981 composite?
True
Is 2571 composite?
True
Is 154529 composite?
True
Is 955919 composite?
False
Is 7159 composite?
False
Is 315899 a composite number?
False
Is 5501 a prime number?
True
Is 1043 a prime number?
False
Is 42043 a prime number?
True
Is 33377 a composite number?
False
Is 30329 composite?
True
Is 309667 prime?
True
Is 47191 a composite number?
True
Is 11306 composite?
True
Is 185359 a prime number?
True
Is 44305 composite?
True
Is 4621 a prime number?
True
Is 17521 a composite number?
True
Is 13415 composite?
True
Is 329419 composite?
False
Is 18427 composite?
False
Is 29047 composite?
True
Is 62737 a composite number?
True
Is 53807 a prime number?
False
Is 6007 composite?
False
Is 244151 composite?
True
Is 8353 prime?
True
Is 93937 a prime number?
True
Is 47681 composite?
False
Is 727505 prime?
False
Is 9327 a composite number?
True
Is 66257 prime?
False
Is 206135 composite?
True
Is 42115 prime?
False
Is 38431 a composite number?
False
Is 7827 a prime number?
False
Is 30427 composite?
False
Is 92737 composite?
False
Is 465467 prime?
False
Is 301039 a composite number?
False
Is 77137 a composite number?
False
Is 103783 a prime number?
False
Is 28693 a prime number?
False
Is 108043 a prime number?
False
Is 11741 composite?
True
Is 736357 prime?
True
Is 70178 composite?
True
Is 505933 a composite number?
True
Is 15539 composite?
True
Is 15499 composite?
True
Is 50417 composite?
False
Is 4262 composite?
True
Is 1507 a prime number?
False
Is 2407799 composite?
False
Is 62549 composite?
False
Is 159977 a prime number?
True
Is 367559 a composite number?
False
Is 333361 composite?
True
Is 17147 prime?
False
Is 743143 prime?
True
Is 667 a prime number?
False
Is 21767 a prime number?
True
Is 1117 prime?
True
Is 124078 a prime number?
False
Is 4201 a composite number?
False
Is 62597 a prime number?
True
Is 111091 composite?
False
Is 14779 prime?
True
Is 18973 composite?
False
Is 32117 a composite number?
False
Is 6847 prime?
False
Is 279941 prime?
True
Is 55967 a prime number?
True
Is 332953 composite?
True
Is 72613 a prime number?
True
Is 29629 composite?
False
Is 675839 a prime number?
True
Is 3433 a composite number?
False
Is 51257 a prime number?
True
Is 655211 a composite number?
False
Is 22551 a prime number?
False
Is 3072689 a composite number?
True
Is 1541 composite?
True
Is 24247 composite?
False
Is 3745439 composite?
False
Is 1982807 a prime number?
False
Is 2975273 prime?
False
Is 619247 prime?
True
Is 366287 prime?
True
Is 2777 composite?
False
Is 22891 composite?
True
Is 4151 a prime number?
False
Is 1704245 a composite number?
True
Is 386789 prime?
False
Is 20851 prime?
False
Is 1784527 composite?
False
Is 18007 prime?
False
Is 2473 prime?
True
Is 71689 composite?
True
Is 476287 prime?
False
Is 170773 prime?
True
Is 31451 composite?
True
Is 45643 prime?
False
Is 548755 composite?
True
Is 1204877 a prime number?
False
Is 36605 a composite number?
True
Is 33739 a prime number?
True
Is 23559 composite?
True
Is 48485 a prime number?
False
Is 2573567 composite?
True
Is 3149 a prime number?
False
Is 98885 a prime number?
False
Is 1543 a composite number?
False
Is 10085 prime?
False
Is 9571 a composite number?
True
Is 18899 prime?
True
Is 61186 a composite number?
True
Is 1770083 a composite number?
True
Is 521 prime?
True
Is 2579 prime?
True
Is 146191 prime?
True
Is 1777 a prime number?
True
Is 727213 a composite number?
True
Is 9806 a composite number?
True
Is 6697 a composite number?
True
Is 3791 a composite number?
True
Is 14302 a composite number?
True
Is 325163 a prime number?
True
Is 310699 a prime number?
False
Is 21719 composite?
True
Is 24469 a prime number?
True
Is 18517 a prime number?
True
Is 2789441 composite?
False
Is 12821 prime?
True
Is 953237 a prime number?
True
Is 35627 a composite number?
True
Is 59921 prime?
True
Is 258578 a prime number?
False
Is 1588669 composite?
True
Is 2935 prime?
False
Is 286519 a composite number?
False
Is 236681 a composite number?
False
Is 26905 prime?
False
Is 189341 a prime number?
False
Is 84359 prime?
False
Is 679963 a composite number?
True
Is 390953 composite?
False
Is 1381969 prime?
True
Is 33011 a prime number?
False
Is 223 prime?
True
Is 157207 a composite number?
False
Is 920467 composite?
False
Is 211241 a composite number?
False
Is 6449 a composite number?
False
Is 22633 composite?
True
Is 6127 composite?
True
Is 1031 composite?
False
Is 154259 a prime number?
False
Is 24281 a composite number?
False
Is 149871 a composite number?
True
Is 9167 prime?
False
Is 60737 a composite number?
False
Is 16183 prime?
True
Is 211 a prime number?
True
Is 43913 a prime number?
True
Is 83282 composite?
True
Is 6469 a prime number?
True
Is 580253 composite?
True
Is 6007 a prime number?
True
Is 127103 a prime number?
True
Is 33737 composite?
True
Is 5839 a prime number?
True
Is 48485 composite?
True
Is 5959 composite?
True
Is 158647 composite?
False
Is 522799 a prime number?
False
Is 9943 prime?
False
Is 171161 composite?
False
Is 345043 a composite number?
True
Is 680531 a prime number?
True
Is 2441189 prime?
True
Is 73351 a prime number?
True
Is 79063 composite?
False
Is 291151 a prime number?
False
Is 278507 a prime number?
False
Is 180721 a prime number?
False
Is 101971 a composite number?
True
Is 6319 a prime number?
False
Is 99347 prime?
True
Is 2669 prime?
False
Is 673 a composite number?
False
Is 1351 a prime number?
False
Is 9025811 a prime number?
True
Is 4727 prime?
False
Is 494731 a prime number?
True
Is 20789 a prime number?
True
Is 343847 a prime number?
False
Is 92551 a prime number?
True
Is 2123027 composite?
False
Is 102269 prime?
False
Is 33047 a composite number?
True
Is 61603 composite?
False
Is 37319 a prime number?
False
Is 145 a composite number?
True
Is 31169 a prime number?
False
Is 139703 a prime number?
True
Is 3159403 a prime number?
False
Is 3271 prime?
True
Is 6127 prime?
False
Is 6883 composite?
False
Is 658693 a composite number?
True
Is 7343 prime?
False
Is 67 a composite number?
False
Is 1213 a prime number?
True
Is 232751 composite?
False
Is 267535 composite?
True
Is 604723 composite?
True
Is 161921 a prime number?
True
Is 398161 a prime number?
False
Is 186973 composite?
True
Is 424087 composite?
True
Is 264007 a composite number?
False
Is 25453 a composite number?
False
Is 144029 a prime number?
False
Is 979 composite?
True
Is 119589 a composite number?
True
Is 12071 composite?
False
Is 1711 composite?
True
Is 2870033 a prime number?
False
Is 21389 prime?
False
Is 61223 a composite number?
False
Is 132241 prime?
True
Is 327 composite?
True
Is 40739 prime?
True
Is 49978 prime?
False
Is 8885 prime?
False
Is 223207 a composite number?
False
Is 190607 a prime number?
True
Is 1080959 a composite number?
True
Is 708347 composite?
False
Is 26807 composite?
True
Is 44947 composite?
True
Is 446041 composite?
False
Is 11303 composite?
True
Is 29381 a composite number?
True
Is 175209 prime?
False
Is 178927 a prime number?
False
Is 40973 prime?
True
Is 2827 a prime number?
False
Is 792517 a composite number?
True
Is 1339 prime?
False
Is 107141 a composite number?
True
Is 294499 a prime number?
True
Is 169837 prime?
True
Is 203303 a pr